{"id":6,"date":"2025-02-04T12:18:04","date_gmt":"2025-02-04T11:18:04","guid":{"rendered":"https:\/\/www.chemienahrade.cz\/index.php\/colibri-wp\/"},"modified":"2026-01-14T07:50:36","modified_gmt":"2026-01-14T06:50:36","slug":"colibri-wp","status":"publish","type":"page","link":"https:\/\/www.chemienahrade.cz\/","title":{"rendered":"Front Page"},"content":{"rendered":"<div data-colibri-id=\"6-c1\" class=\"style-203 style-local-6-c1 position-relative\">\n  <!----><\/p>\n<div data-colibri-component=\"section\" data-colibri-id=\"6-c2\" id=\"initial-content\" class=\"h-section h-section-global-spacing d-flex align-items-lg-center align-items-md-center align-items-center style-204 style-local-6-c2 position-relative\">\n    <!----><br \/>\n    <!----><\/p>\n<div class=\"h-section-grid-container h-section-boxed-container\">\n      <!----><\/p>\n<div data-colibri-id=\"6-c3\" class=\"h-row-container gutters-row-lg-2 gutters-row-md-2 gutters-row-0 gutters-row-v-lg-2 gutters-row-v-md-2 gutters-row-v-2 style-205 style-local-6-c3 position-relative\">\n        <!----><\/p>\n<div class=\"h-row justify-content-lg-start justify-content-md-start justify-content-start align-items-lg-stretch align-items-md-stretch align-items-stretch gutters-col-lg-2 gutters-col-md-2 gutters-col-0 gutters-col-v-lg-2 gutters-col-v-md-2 gutters-col-v-2\">\n          <!----><\/p>\n<div class=\"h-column h-column-container d-flex h-col-lg-auto h-col-md-auto h-col-auto style-206-outer style-local-6-c4-outer\">\n<div data-colibri-id=\"6-c4\" class=\"d-flex h-flex-basis h-column__inner h-px-lg-2 h-px-md-2 h-px-2 v-inner-lg-2 v-inner-md-2 v-inner-2 style-206 style-local-6-c4 position-relative\">\n              <!----><br \/>\n              <!----><\/p>\n<div class=\"w-100 h-y-container h-column__content h-column__v-align flex-basis-100 align-self-lg-start align-self-md-start align-self-start\">\n                <!----><\/p>\n<div data-colibri-id=\"6-c5\" class=\"style-207 style-local-6-c5 position-relative h-element\">\n                  <!----><\/p>\n<div>\n\n\n<p class=\"has-text-align-center\">Akce Chemie a dal\u0161\u00ed p\u0159\u00edrodn\u00ed v\u011bdy na Slezskoostravsk\u00e9m hrad\u011b je zam\u011b\u0159ena na popularizaci p\u0159\u00edrodn\u00edch a technick\u00fdch v\u011bd mezi \u017e\u00e1ky z\u00e1kladn\u00edch a st\u0159edn\u00edch \u0161kol, ale tak\u00e9 mezi \u0161irokou ve\u0159ejnost\u00ed. P\u0159\u00edrodn\u00ed a technick\u00e9 v\u011bdy se v sou\u010dasnosti net\u011b\u0161\u00ed p\u0159\u00edzni mlad\u00fdch lid\u00ed, i kdy\u017e se jedn\u00e1 o velmi perspektivn\u00ed obory. Jsou \u010dasto pova\u017eov\u00e1ny za n\u011bco hrozn\u00e9ho, n\u011bco co se ned\u00e1 nau\u010dit. Chceme touto akc\u00ed uk\u00e1zat, \u017ee p\u0159\u00edrodn\u00ed a technick\u00e9 v\u011bdy mohou b\u00fdt i kr\u00e1sn\u00e9 a z\u00e1bavn\u00e9 a tak\u00e9, \u017ee se jedn\u00e1 o velmi pot\u0159ebn\u00e9 obory lidsk\u00e9 \u010dinnosti. Leto\u0161n\u00ed, v po\u0159ad\u00ed ji\u017e 20. ro\u010dn\u00edk, se, douf\u00e1me, uskute\u010dn\u00ed v\u00a0<strong>\u00fater\u00fd 23. \u010dervna 2026 od 8:30 do 13:00<\/strong>.<\/p>\n\n\n\n<p class=\"has-text-align-center\">Hlavn\u00ed atrakc\u00ed tradi\u010dn\u00ed akce bude v\u00edce ne\u017e 30 st\u00e1nk\u016f tvo\u0159\u00edc\u00edch tzv. chemick\u00fd jarmark rozm\u00edst\u011bn\u00fdch v cel\u00e9m are\u00e1lu hradu, u nich\u017e budou n\u00e1v\u0161t\u011bvn\u00edci moci zhl\u00e9dnout nebo si i sami vyzkou\u0161et zaj\u00edmav\u00e9 a velmi atraktivn\u00ed experimenty (od klasick\u00fdch\n                      barevn\u00fdch oh\u0148\u016f a v\u00fdbuch\u016f, p\u0159es r\u016fzn\u00e1 fyzik\u00e1ln\u011b chemick\u00e1 kouzla a\u017e t\u0159eba k experiment\u016fm s luminiscenc\u00ed). Sou\u010dasn\u011b bude pro n\u00e1v\u0161t\u011bvn\u00edky organizov\u00e1na \u0159ada chemick\u00fdch a p\u0159\u00edrodov\u011bdn\u00fdch her a sout\u011b\u017e\u00ed a matematick\u00fdch hr\u00e1tek pro d\u011bti i dosp\u011bl\u00e9\n                      o drobn\u00e9 ceny. V are\u00e1lu budou rovn\u011b\u017e prezentov\u00e1ny \u0161koly, organizace a firmy pod\u00edlej\u00edc\u00ed se na akci.<\/p>\n\n\n\n<p class=\"has-text-align-center\">Srde\u010dn\u011b zveme k \u00fa\u010dasti \u0161koly i \u0161irokou ve\u0159ejnost.<\/p>\n\n\n\n<p class=\"has-text-align-center\"><strong>Vstup zdarma<\/strong><\/p>\n\n\n<\/div><\/div>\n<\/p><\/div>\n<\/p><\/div>\n<\/p><\/div>\n<\/p><\/div>\n<\/p><\/div>\n<\/p><\/div>\n<\/p><\/div>\n<\/div>","protected":false},"excerpt":{"rendered":"<p>Akce Chemie a dal\u0161\u00ed p\u0159\u00edrodn\u00ed v\u011bdy na Slezskoostravsk\u00e9m hrad\u011b je zam\u011b\u0159ena na popularizaci p\u0159\u00edrodn\u00edch a technick\u00fdch v\u011bd mezi \u017e\u00e1ky z\u00e1kladn\u00edch a st\u0159edn\u00edch \u0161kol, ale tak\u00e9 mezi \u0161irokou ve\u0159ejnost\u00ed. P\u0159\u00edrodn\u00ed a technick\u00e9 v\u011bdy se v sou\u010dasnosti net\u011b\u0161\u00ed p\u0159\u00edzni mlad\u00fdch lid\u00ed, i kdy\u017e se jedn\u00e1 o velmi perspektivn\u00ed obory. Jsou \u010dasto pova\u017eov\u00e1ny za n\u011bco hrozn\u00e9ho, n\u011bco co [&hellip;]<\/p>\n","protected":false},"author":1,"featured_media":0,"parent":0,"menu_order":0,"comment_status":"closed","ping_status":"closed","template":"page-templates\/homepage.php","meta":{"footnotes":""},"class_list":["post-6","page","type-page","status-publish","hentry"],"_links":{"self":[{"href":"https:\/\/www.chemienahrade.cz\/index.php\/wp-json\/wp\/v2\/pages\/6","targetHints":{"allow":["GET"]}}],"collection":[{"href":"https:\/\/www.chemienahrade.cz\/index.php\/wp-json\/wp\/v2\/pages"}],"about":[{"href":"https:\/\/www.chemienahrade.cz\/index.php\/wp-json\/wp\/v2\/types\/page"}],"author":[{"embeddable":true,"href":"https:\/\/www.chemienahrade.cz\/index.php\/wp-json\/wp\/v2\/users\/1"}],"replies":[{"embeddable":true,"href":"https:\/\/www.chemienahrade.cz\/index.php\/wp-json\/wp\/v2\/comments?post=6"}],"version-history":[{"count":9,"href":"https:\/\/www.chemienahrade.cz\/index.php\/wp-json\/wp\/v2\/pages\/6\/revisions"}],"predecessor-version":[{"id":1005,"href":"https:\/\/www.chemienahrade.cz\/index.php\/wp-json\/wp\/v2\/pages\/6\/revisions\/1005"}],"wp:attachment":[{"href":"https:\/\/www.chemienahrade.cz\/index.php\/wp-json\/wp\/v2\/media?parent=6"}],"curies":[{"name":"wp","href":"https:\/\/api.w.org\/{rel}","templated":true}]}}